4795269109 composite?
False
Is 3530453231 a composite number?
False
Is 112154309 composite?
True
Is 8136383033 a composite number?
True
Is 25188037103 prime?
False
Is 1134610709 a prime number?
False
Is 549938563 a composite number?
True
Is 7418938066 a composite number?
True
Is 47182079 prime?
False
Is 3634151021 a prime number?
True
Is 12766063199 prime?
True
Is 4067660923 composite?
True
Is 5430161663 prime?
False
Is 1968548129 a composite number?
True
Is 4691201041 composite?
False
Is 73605280811 a composite number?
True
Is 119049053 a prime number?
True
Is 451334069 composite?
False
Is 3808856113 composite?
False
Is 177739391 composite?
False
Is 1243242127 a composite number?
True
Is 2405850547 prime?
False
Is 37486139 a prime number?
False
Is 4800399202 a composite number?
True
Is 4962533698 a composite number?
True
Is 1624141271 a composite number?
False
Is 271233362395 a prime number?
False
Is 2944611959 a composite number?
True
Is 616254967 composite?
True
Is 13423936733 prime?
True
Is 208300307 a composite number?
False
Is 2610690419 a composite number?
False
Is 1150018403 a composite number?
True
Is 898635883 a prime number?
True
Is 12548379053 prime?
False
Is 205941899 prime?
True
Is 835269691 a prime number?
True
Is 5107286185 composite?
True
Is 118111266731 composite?
False
Is 28759177433 prime?
False
Is 565933313 a prime number?
False
Is 69025655513 prime?
True
Is 184107547465 composite?
True
Is 10340552317 a composite number?
False
Is 45773861591 a composite number?
False
Is 7907686687 a composite number?
True
Is 2849291089 composite?
True
Is 2997318823 a composite number?
False
Is 246777071 a prime number?
False
Is 3533136623 a prime number?
False
Is 351762167 a composite number?
False
Is 408774391 prime?
True
Is 13216107823 prime?
True
Is 3530728027 prime?
False
Is 23724405361 prime?
False
Is 6487981309 a composite number?
True
Is 1886377901 composite?
False
Is 81515779 composite?
True
Is 169738535497 a prime number?
True
Is 491160463 prime?
False
Is 190550557 a prime number?
True
Is 1400122289 a prime number?
False
Is 30919148443 a prime number?
True
Is 3376377013 prime?
True
Is 18124782763 a prime number?
True
Is 11652150563 prime?
False
Is 635176903 a prime number?
False
Is 1783442879 a prime number?
True
Is 1256717965 prime?
False
Is 462438871 a prime number?
True
Is 40803904579 composite?
False
Is 9971036081 a composite number?
False
Is 5683467301 a prime number?
True
Is 2707155883 prime?
True
Is 928709107 a composite number?
False
Is 260627028547 composite?
True
Is 895076861 prime?
False
Is 52664198833 composite?
True
Is 241077671 a composite number?
False
Is 182270226869 composite?
True
Is 1301620337 a composite number?
False
Is 4264053181 prime?
True
Is 10332334901 composite?
True
Is 874687469 a composite number?
True
Is 91928533 a composite number?
False
Is 82974253 a prime number?
False
Is 2333045381 prime?
True
Is 140881278871 a prime number?
True
Is 1206855731 prime?
True
Is 3831475279 a composite number?
False
Is 55323615471 composite?
True
Is 146712451 a composite number?
True
Is 398599555979 a prime number?
False
Is 1220934137 prime?
False
Is 856601803 a composite number?
True
Is 1116658289 prime?
False
Is 5415669521 composite?
False
Is 46379094805 a composite number?
True
Is 13312189301 a composite number?
False
Is 1434907441 a composite number?
True
Is 577439069 prime?
True
Is 10437269803 a prime number?
True
Is 2051906971 a composite number?
True
Is 3308275961 composite?
False
Is 704390417 a prime number?
True
Is 92347799 composite?
True
Is 2612236399 prime?
False
Is 2778384655 a composite number?
True
Is 78147723809 a composite number?
False
Is 76286658751 a prime number?
True
Is 261115957 a composite number?
True
Is 771485114 a composite number?
True
Is 1746677887 prime?
False
Is 1580582459 a prime number?
False
Is 4452466939 a prime number?
False
Is 5776371169 a prime number?
True
Is 65074598 a composite number?
True
Is 15242736647 a composite number?
False
Is 5248782677 a composite number?
False
Is 1338383117 a prime number?
False
Is 738623503 prime?
False
Is 217947097 prime?
True
Is 67674369547 a prime number?
True
Is 12138740719 a composite number?
True
Is 3544815577 a prime number?
True
Is 7709007763 a prime number?
False
Is 86317306585 composite?
True
Is 344078151815 composite?
True
Is 12528903991 composite?
False
Is 3129974395 prime?
False
Is 55888844333 a composite number?
True
Is 4633180639 composite?
False
Is 20726631377 prime?
True
Is 262598837 a prime number?
False
Is 6178224071 a prime number?
True
Is 149672761 prime?
False
Is 5832394285 a composite number?
True
Is 19360981691 prime?
True
Is 1147550461 a prime number?
False
Is 209946962 prime?
False
Is 5516236333 prime?
False
Is 1920981197 a prime number?
True
Is 235965361 a composite number?
False
Is 31749058039 a composite number?
True
Is 349400569 a composite number?
True
Is 1881184807 a prime number?
True
Is 7442200613 composite?
False
Is 8787017 a composite number?
False
Is 16784587 a composite number?
False
Is 7660014811 a composite number?
True
Is 2437705859 a composite number?
False
Is 73582663789 a prime number?
True
Is 50982446839 a prime number?
True
Is 23081099947 a prime number?
False
Is 94627505591 composite?
True
Is 9949782371 a composite number?
False
Is 199526779139 a prime number?
True
Is 2534991257 a composite number?
False
Is 1918950373 a prime number?
False
Is 1101466307 a composite number?
True
Is 18953946523 a composite number?
False
Is 4138662611 a composite number?
True
Is 27257369077 a prime number?
False
Is 14151868397 composite?
False
Is 6576752155 composite?
True
Is 449677013 prime?
False
Is 56864682701 a composite number?
False
Is 335604457 composite?
True
Is 6282712789 a composite number?
False
Is 4709555731 composite?
True
Is 169832098487 a prime number?
True
Is 1078880821 a composite number?
False
Is 45898157453 a prime number?
False
Is 1349132093 composite?
True
Is 48587624213 a prime number?
False
Is 946589383 a composite number?
True
Is 5600007877 a prime number?
True
Is 15317492111 prime?
True
Is 3455128111 a composite number?
False
Is 3865532717 prime?
False
Is 1017482183 a composite number?
False
Is 1700971163 a composite number?
True
Is 30697319 a composite number?
False
Is 20748961279 composite?
False
Is 1243282897 prime?
True
Is 121148897 prime?
False
Is 1326520427 a prime number?
True
Is 277261213 a prime number?
True
Is 2556135247 a prime number?
True
Is 2862583286 a prime number?
False
Is 3349309946 prime?
False
Is 246302779 composite?
True
Is 1633124303 composite?
True
Is 93041351171 composite?
False
Is 2434747 composite?
True
Is 23055180667 prime?
False
Is 59128357909 composite?
False
Is 51467728391 a composite number?
False
Is 1638861109 prime?
True
Is 502010293 composite?
False
Is 29283156337 a prime number?
True
Is 170776511 a composite number?
False
Is 3032111879 a prime number?
True
Is 28233655963 a composite number?
True
Is 344690707 prime?
True
Is 15290629451 a prime number?
False
Is 2935545061 prime?
False
Is 2900146903 composite?
False
Is 52198393067 prime?
True
Is 4970216113 composite?
True
Is 119606679433 prime?
True
Is 4391507749 composite?
False
Is 342964255 a prime number?
False
Is 26870192963 prime?
True
Is 4066124351 a prime number?
True
Is 260591561 composite?
False
Is 6093942821 prime?
True
Is 4679389879 a prime number?
True
Is 644306533 a prime number?
False
Is 4113048019 a prime number?
True
Is 9641716757 prime?
False
Is 9441223761 prime?
False
Is 72495953339 a composite number?
False
Is 5398247467 prime?
True
Is 27137222071 prime?
False
Is 8049097183 composite?
True
Is 21361531505 composite?
True
Is 135049003 a composite number?
True
Is 46911849169 a composite number?
False
Is 607179150269 composite?
False
Is 799219241 a prime number?
True
Is 22088507267 a composite number?
True
Is 608353657 prime?
False
Is 2403317503 prime?
True
Is 9395654689 a prime number?
False
Is 1282746709 composite?
True
Is 209454549 a prime number?
False
Is 112285253057 a prime number?
False
Is 8989718631 composite?
True
Is 223388383 composite?
False
Is 101211497 prime?
False
Is 672677547 composite?
True
Is 143894515449 a composite number?
True
Is 4056443233 a composite number?
False
Is 3806823845